the greatest common factor of z and f.
1
Let b be (12/5)/((-1)/(-10)). Let h be 4*(-9)/b*-2. Suppose 4*z = -5*k + 87, -h*z - 5*k = 2*z - 115. Calculate the greatest common divisor of 7 and z.
7
Suppose 3*p - 13 = -4. Suppose 0 = -p*l + 14 + 16. Calculate the greatest common divisor of 110 and l.
10
Suppose -5*b = 4*p - 380, 6*b - 5*b - 94 = -p. Suppose -4*d + 190 - 46 = 0. What is the highest common divisor of p and d?
18
Suppose -4*c + 0*d - d = -159, -5*c - 5*d = -195. What is the greatest common divisor of 5 and c?
5
Suppose -31 = -5*o - 3*a, -5*o + 0*o + 34 = 2*a. Let r be (-2)/o + 41/4. Suppose 0 = -12*z + 14*z - 10. Calculate the greatest common divisor of r and z.
5
Suppose 2*k + 47 = 5*a, -2*a + a = -4*k + 5. Let z(n) = -661*n - 2. Let c be z(-2). Let j be c/(-16)*(-2)/3. What is the greatest common factor of a and j?
11
Let p(d) = -d + 6. Let x be p(8). Let z(o) = 10*o**2 + 4*o + 3. Let w be z(x). Suppose -h + 2*h - 5 = 0. What is the highest common divisor of w and h?
5
Let s(k) = -k**3 - 12*k**2 - 12*k + 5. Let p be s(-11). Let l be ((-16)/5)/(4/(-10)). What is the greatest common divisor of p and l?
8
Let a(s) = 2*s**2 - 3*s + 1. Let g be a(3). Let k be (-26)/(-5) + (-1)/5. Suppose -2*f + 55 = k. Calculate the greatest common factor of g and f.
5
Let o(a) = -10*a**3 + a - 1. Let d be o(1). Let c = 46 + d. Let v be ((-3)/(-1))/(1/6). Calculate the highest common divisor of v and c.
18
Suppose 7 = 5*u - 18. Suppose -s - 4*s + 4*o + 373 = 0, -293 = -4*s + u*o. Calculate the highest common factor of 11 and s.
11
Suppose -k = -5 - 1. Let a = k - -6. What is the highest common factor of a and 48?
12
Suppose -2*q - 5 - 2 = 3*v, 0 = 3*v - 4*q - 5. Let w = 37 + v. What is the greatest common factor of 24 and w?
12
Let a = -83 + 116. What is the greatest common factor of 3 and a?
3
Let p = 25 + 23. What is the greatest common divisor of p and 12?
12
Let i(m) = -m**2 - 10*m + 2. Let u be i(-7). What is the greatest common factor of 23 and u?
23
Suppose -26 - 10 = -2*b. Let n = -13 + b. Suppose 2*l - 98 + 3 = -5*t, -2*l + n*t + 125 = 0. What is the highest common divisor of l and 22?
11
Suppose 11 = -d - 3*z, -3*d - 4 - 13 = 5*z. Suppose a - w = 1, 1 = 5*a + 5*w - 24. Suppose 0 = -a*u + 3 + 3. Calculate the highest common divisor of u and d.
1
Let o be 147 + 0 - 1/(-1). Let m = -60 + o. Let a(c) = -c**3 - c + 1. Let x be a(-2). What is the highest common divisor of m and x?
11
Suppose -3*h + 12 = 3*l - 6*h, -2*h + 16 = 4*l. Suppose 56 = -0*s + 2*s - l*f, 3*s - 86 = 5*f. What is the greatest common divisor of 8 and s?
8
Let h = -27 - -40. What is the greatest common factor of h and 91?
13
Suppose -4 = -2*z - 0. Suppose 104 = 2*h + 4*s, 5*s = z*h + 2*h - 234. Calculate the greatest common factor of h and 7.
7
Suppose 3*s + f = 6 + 17, -f = -4*s + 33. Suppose -4*k + 16 = t - 0*k, 3*t - 5*k + 3 = 0. Calculate the greatest common factor of t and s.
4
Let f be 6/9*66/4. Suppose 10*x + 70 = f*x. What is the greatest common factor of 28 and x?
14
Suppose 3*d - 16 = 2. Suppose 65 = 10*f - 5*f + j, -4*f + 38 = -2*j. What is the greatest common divisor of f and d?
6
Suppose 0*j - 1 = -j. Let x = j - -2. Let l(z) = z**2 - 5*z - 17. Let s be l(-5). What is the greatest common factor of x and s?
3
Suppose l = -0 + 2, 4*t - 5*l = -10. Let p(s) = -s**2 - s + 6. Let u be p(t). Suppose 43 = 2*r + 13. Calculate the greatest common divisor of r and u.
3
Suppose 2*b - 17 = -0*b + 5*c, 28 = 3*b - 5*c. Suppose 9*q - 12 = 5*q. Suppose 41 = -q*i + 173. Calculate the greatest common factor of i and b.
11
Let h(u) = u**3 + 8*u**2 + 11*u. Let a be h(-6). What is the greatest common factor of a and 15?
3
Suppose -11 = 4*c + 1. Let i be 0 + c/3 - -7. Calculate the highest common divisor of i and 42.
6
Let i(m) = 114*m - 6. Let x be i(1). Calculate the greatest common factor of x and 12.
12
Let r be (-33)/7 - 8/28. Let c be (-2 - -3)*7/1. Let q = r + c. Calculate the greatest common divisor of q and 10.
2
Let h be (-15)/(-5) + 1/1. Suppose 79 = -h*i + 275. Let n be 7/2*(-3 - -5). What is the greatest common divisor of i and n?
7
Let w = -22 + 25. What is the greatest common factor of w and 9?
3
Suppose 2*r - 6 = 174. Suppose -131 = -4*y + a, -y - 2*y - 2*a + r = 0. Let t = 131 + -51. Calculate the greatest common factor of t and y.
16
Suppose 5 = 2*a - x, 4*a - 5*x + 2 = 3*a. Let h(f) = 6*f - 5*f - a - 2. Let v be h(6). What is the highest common factor of v and 3?
1
Let s be 2/7 + (-38)/(-14). Suppose 3*p - 7 = -3*g + g, 5*g - 7 = s*p. Let j be (-353)/(-4) - p/4. Calculate the highest common factor of j and 11.
11
Suppose 305 + 115 = 5*r. Calculate the highest common divisor of 12 and r.
12
Let d be (-1 + (-3 - -3))/((-3)/45). Calculate the highest common factor of d and 135.
15
Let u = 211 + -112. Let n(b) = 6*b + 107. Let y be n(-16). What is the greatest common factor of y and u?
11
Suppose 3*z = 6, -3*v - 2*v + 12 = z. Suppose 0*i = -v*i + 96. Suppose -5*w = -4*m - 76, 3*m = 2*w - i + 12. What is the greatest common factor of w and 60?
12
Let v = -89 - -145. Suppose -3*c = -l - c + v, -56 = -l - 5*c. Calculate the greatest common factor of l and 8.
8
Let x = 93 - 55. Suppose -3*f - 5*t = 236, -4*f - 416 = f - 3*t. Let s = -25 - f. Calculate the highest common factor of x and s.
19
Let w = -8 + 10. Suppose 0*d = -4*f + 2*d - 6, 5*f = -w*d + 6. Let b be 66 + 6/(-3) + f. Calculate the greatest common divisor of 8 and b.
8
Suppose -u = u - 48. Suppose 4*w - 52 = -4*h + 2*h, 0 = 3*w + 4*h - 44. Calculate the highest common factor of u and w.
12
Let k = -278 - -404. Let f = -3 + 17. Calculate the greatest common divisor of k and f.
14
Let m(j) = j**3 - 7*j**2 - j + 4. Let x be m(7). Let c be x/2 + (-42)/(-12). Calculate the greatest common factor of c and 4.
2
Let y = -16 + 20. Let w be 6/y*(-20)/(-3). What is the greatest common divisor of 25 and w?
5
Let c(h) = h**3 - 6*h**2 - 6*h + 4. Let k be c(7). What is the highest common divisor of 121 and k?
11
Let f(s) = 12*s + 16. Let z be f(6). Calculate the highest common divisor of 16 and z.
8
Let j = 13 + -17. Let p be j/(-18) - (-7536)/108. What is the greatest common factor of p and 14?
14
Let x be -2 - (-26)/4*2 - 0. Calculate the greatest common factor of x and 187.
11
Suppose -21 + 1 = -u. What is the highest common factor of u and 50?
10
Let o = -139 + 149. Calculate the highest common divisor of 20 and o.
10
Suppose w = 4 + 23. Suppose -3*c + 21 + w = 0. What is the greatest common divisor of c and 48?
16
Let v(h) = -h**3 + 8*h**2 - 9*h + 1. Let q be v(7). Let o = q + 21. Let j be o/10*2*5. What is the highest common factor of j and 8?
8
Suppose v + 76 = 5*v. What is the highest common divisor of v and 133?
19
Let l(z) = -4 - 3 - 2 + 1 + 6*z. Let s be l(5). What is the greatest common divisor of 22 and s?
22
Let f = 53 + -139. Let c = f - -156. What is the highest common divisor of c and 14?
14
Suppose -4*d + 85 = d. What is the greatest common divisor of d and 85?
17
Suppose o = -4*o. Suppose 3*b - 8*b + 40 = o. Calculate the greatest common divisor of 72 and b.
8
Let o(m) = -2*m**2 + 24*m - 20. Let l be o(11). Calculate the greatest common divisor of l and 20.
2
Let v be 4/(-4) + -1 + 2. Let k = 2 - v. What is the greatest common factor of 2 and k?
2
Suppose -5*p = -3*p + t - 41, p - 4*t = -2. What is the highest common divisor of 12 and p?
6
Let o(b) = -b**3 - b**2 + b + 3. Let f be o(0). Suppose -f*w + 4*w = -2*y + 22, 3*w + 15 = 3*y. What is the highest common factor of 81 and y?
9
Suppose -3*c - 5*v + 122 = 0, 6*c - 54 = 5*c + v. Let d(u) = u**2 + 3*u - 11. Let z be d(-6). What is the greatest common divisor of z and c?
7
Let y(w) = -w**3 + 9*w**2 + 14*w - 17. Let g be y(10). What is the greatest common factor of 69 and g?
23
Suppose 56 = -r + 5*r - 5*t, 0 = -2*t. What is the highest common divisor of r and 1?
1
Let v(y) = -2*y - 1. Let t be v(-4). What is the greatest common divisor of 7 and t?
7
Let p = -25 - -42. What is the greatest common factor of 17 and p?
17
Suppose 2*t = 5*i - 54, i - t - 15 = -3. Let g be 2/(-9) + (-1086)/(-27). Calculate the highest common divisor of i and g.
10
Let g = 36 - 16. What is the greatest common divisor of g and 30?
10
Suppose -2*l = -3 + 7. Let w = 10 - l. Calculate the